[INFO] fetching crate trezm-temp-tokio-tls 0.0.1...
[INFO] checking trezm-temp-tokio-tls-0.0.1 against master#af3c6e733a40e671550e0f0f5aeecaa13772ba56 for pr-74989
[INFO] extracting crate trezm-temp-tokio-tls 0.0.1 into /workspace/builds/worker-4/source
[INFO] validating manifest of crates.io crate trezm-temp-tokio-tls 0.0.1 on toolchain af3c6e733a40e671550e0f0f5aeecaa13772ba56
[INFO] running `Command { std: "/workspace/cargo-home/bin/cargo" "+af3c6e733a40e671550e0f0f5aeecaa13772ba56" "read-manifest" "--manifest-path" "Cargo.toml", kill_on_drop: false }`
[INFO] started tweaking crates.io crate trezm-temp-tokio-tls 0.0.1
[INFO] finished tweaking crates.io crate trezm-temp-tokio-tls 0.0.1
[INFO] tweaked toml for crates.io crate trezm-temp-tokio-tls 0.0.1 written to /workspace/builds/worker-4/source/Cargo.toml
[INFO] running `Command { std: "/workspace/cargo-home/bin/cargo" "+af3c6e733a40e671550e0f0f5aeecaa13772ba56" "generate-lockfile" "--manifest-path" "Cargo.toml" "-Zno-index-update", kill_on_drop: false }`
[INFO] running `Command { std: "/workspace/cargo-home/bin/cargo" "+af3c6e733a40e671550e0f0f5aeecaa13772ba56" "fetch" "--locked" "--manifest-path" "Cargo.toml", kill_on_drop: false }`
[INFO] running `Command { std: "docker" "create" "-v" "/var/lib/crater-agent-workspace/builds/worker-4/target:/opt/rustwide/target:rw,Z" "-v" "/var/lib/crater-agent-workspace/builds/worker-4/source:/opt/rustwide/workdir:ro,Z" "-v" "/var/lib/crater-agent-workspace/cargo-home:/opt/rustwide/cargo-home:ro,Z" "-v" "/var/lib/crater-agent-workspace/rustup-home:/opt/rustwide/rustup-home:ro,Z" "-e" "SOURCE_DIR=/opt/rustwide/workdir" "-e" "CARGO_TARGET_DIR=/opt/rustwide/target" "-e" "CARGO_HOME=/opt/rustwide/cargo-home" "-e" "RUSTUP_HOME=/opt/rustwide/rustup-home" "-w" "/opt/rustwide/workdir" "-m" "1610612736" "--user" "0:0" "--network" "none" "rustops/crates-build-env@sha256:d92eaeed33fa75130ca1ee6c8a01d1ffb62bac859dfdfb3450e3e5d1c0146529" "/opt/rustwide/cargo-home/bin/cargo" "+af3c6e733a40e671550e0f0f5aeecaa13772ba56" "metadata" "--no-deps" "--format-version=1", kill_on_drop: false }`
[INFO] [stdout] 7c0ef41dfcc911a837a6fbde22531af17450b21fd9739a23ca5b1272b659f658
[INFO] [stderr] WARNING: Your kernel does not support swap limit capabilities or the cgroup is not mounted. Memory limited without swap.
[INFO] running `Command { std: "docker" "start" "-a" "7c0ef41dfcc911a837a6fbde22531af17450b21fd9739a23ca5b1272b659f658", kill_on_drop: false }`
[INFO] running `Command { std: "docker" "inspect" "7c0ef41dfcc911a837a6fbde22531af17450b21fd9739a23ca5b1272b659f658", kill_on_drop: false }`
[INFO] running `Command { std: "docker" "rm" "-f" "7c0ef41dfcc911a837a6fbde22531af17450b21fd9739a23ca5b1272b659f658", kill_on_drop: false }`
[INFO] [stdout] 7c0ef41dfcc911a837a6fbde22531af17450b21fd9739a23ca5b1272b659f658
[INFO] running `Command { std: "docker" "create" "-v" "/var/lib/crater-agent-workspace/builds/worker-4/target:/opt/rustwide/target:rw,Z" "-v" "/var/lib/crater-agent-workspace/builds/worker-4/source:/opt/rustwide/workdir:ro,Z" "-v" "/var/lib/crater-agent-workspace/cargo-home:/opt/rustwide/cargo-home:ro,Z" "-v" "/var/lib/crater-agent-workspace/rustup-home:/opt/rustwide/rustup-home:ro,Z" "-e" "SOURCE_DIR=/opt/rustwide/workdir" "-e" "CARGO_TARGET_DIR=/opt/rustwide/target" "-e" "CARGO_INCREMENTAL=0" "-e" "RUST_BACKTRACE=full" "-e" "RUSTFLAGS=--cap-lints=forbid" "-e" "CARGO_HOME=/opt/rustwide/cargo-home" "-e" "RUSTUP_HOME=/opt/rustwide/rustup-home" "-w" "/opt/rustwide/workdir" "-m" "1610612736" "--user" "0:0" "--network" "none" "rustops/crates-build-env@sha256:d92eaeed33fa75130ca1ee6c8a01d1ffb62bac859dfdfb3450e3e5d1c0146529" "/opt/rustwide/cargo-home/bin/cargo" "+af3c6e733a40e671550e0f0f5aeecaa13772ba56" "check" "--frozen" "--all" "--all-targets" "--message-format=json", kill_on_drop: false }`
[INFO] [stdout] feafeb9594196b5468b67e8888b7132f1432d10684df0f93eaeb6dbe44ec9723
[INFO] [stderr] WARNING: Your kernel does not support swap limit capabilities or the cgroup is not mounted. Memory limited without swap.
[INFO] running `Command { std: "docker" "start" "-a" "feafeb9594196b5468b67e8888b7132f1432d10684df0f93eaeb6dbe44ec9723", kill_on_drop: false }`
[INFO] [stderr]    Compiling log v0.4.11
[INFO] [stderr]    Compiling getrandom v0.1.15
[INFO] [stderr]    Compiling memchr v2.3.3
[INFO] [stderr]     Checking futures-core-preview v0.3.0-alpha.18
[INFO] [stderr]    Compiling syn v0.15.44
[INFO] [stderr]     Checking pin-utils v0.1.0-alpha.4
[INFO] [stderr]     Checking slab v0.4.2
[INFO] [stderr]    Compiling syn v1.0.40
[INFO] [stderr]     Checking futures-io-preview v0.3.0-alpha.18
[INFO] [stderr]    Compiling pkg-config v0.3.18
[INFO] [stderr]     Checking fnv v1.0.7
[INFO] [stderr]     Checking foreign-types-shared v0.1.1
[INFO] [stderr]    Compiling openssl v0.10.30
[INFO] [stderr]    Compiling native-tls v0.2.4
[INFO] [stderr]     Checking openssl-probe v0.1.2
[INFO] [stderr]     Checking crossbeam-utils v0.6.6
[INFO] [stderr]     Checking tracing-core v0.1.16
[INFO] [stderr]     Checking lock_api v0.3.4
[INFO] [stderr]     Checking foreign-types v0.3.2
[INFO] [stderr]     Checking iovec v0.1.4
[INFO] [stderr]     Checking net2 v0.2.35
[INFO] [stderr]     Checking futures-sink-preview v0.3.0-alpha.18
[INFO] [stderr]     Checking crossbeam-queue v0.1.2
[INFO] [stderr]     Checking crossbeam-channel v0.3.9
[INFO] [stderr]     Checking parking_lot_core v0.6.2
[INFO] [stderr]     Checking bytes v0.4.12
[INFO] [stderr]     Checking futures-channel-preview v0.3.0-alpha.18
[INFO] [stderr]     Checking mio v0.6.22
[INFO] [stderr]     Checking env_logger v0.6.2
[INFO] [stderr]     Checking rand_core v0.5.1
[INFO] [stderr]     Checking parking_lot v0.9.0
[INFO] [stderr]    Compiling openssl-sys v0.9.58
[INFO] [stderr]     Checking tokio-io v0.2.0-alpha.4
[INFO] [stderr]     Checking rand_chacha v0.2.2
[INFO] [stderr]     Checking rand v0.7.3
[INFO] [stderr]     Checking tokio-codec v0.2.0-alpha.4
[INFO] [stderr]     Checking mio-uds v0.6.8
[INFO] [stderr]     Checking trezm-temp-tokio-tls v0.0.1 (/opt/rustwide/workdir)
[INFO] [stdout] warning: lint `intra_doc_link_resolution_failure` has been renamed to `broken_intra_doc_links`
[INFO] [stdout]  --> src/lib.rs:8:9
[INFO] [stdout]   |
[INFO] [stdout] 8 | #![deny(intra_doc_link_resolution_failure)]
[INFO] [stdout]   |         ^^^^^^^^^^^^^^^^^^^^^^^^^^^^^^^^^ help: use the new name: `broken_intra_doc_links`
[INFO] [stdout]   |
[INFO] [stdout]   = note: `#[warn(renamed_and_removed_lints)]` on by default
[INFO] [stdout] 
[INFO] [stdout] 
[INFO] [stdout] warning: 1 warning emitted
[INFO] [stdout] 
[INFO] [stdout] 
[INFO] [stderr]    Compiling futures-select-macro-preview v0.3.0-alpha.18
[INFO] [stderr]    Compiling futures-join-macro-preview v0.3.0-alpha.18
[INFO] [stderr]     Checking futures-util-preview v0.3.0-alpha.18
[INFO] [stderr]    Compiling tracing-attributes v0.1.11
[INFO] [stderr]    Compiling tokio-macros v0.2.0-alpha.4
[INFO] [stderr]     Checking tracing v0.1.19
[INFO] [stderr]     Checking tokio-sync v0.2.0-alpha.4
[INFO] [stderr]     Checking futures-executor-preview v0.3.0-alpha.18
[INFO] [stderr]     Checking futures-preview v0.3.0-alpha.18
[INFO] [stderr]     Checking tokio-executor v0.2.0-alpha.4
[INFO] [stderr]     Checking tokio-net v0.2.0-alpha.4
[INFO] [stderr]     Checking tokio-timer v0.3.0-alpha.4
[INFO] [stderr]     Checking tokio-fs v0.2.0-alpha.4
[INFO] [stderr]     Checking tokio v0.2.0-alpha.4
[INFO] [stdout] warning: lint `intra_doc_link_resolution_failure` has been renamed to `broken_intra_doc_links`
[INFO] [stdout]  --> src/lib.rs:8:9
[INFO] [stdout]   |
[INFO] [stdout] 8 | #![deny(intra_doc_link_resolution_failure)]
[INFO] [stdout]   |         ^^^^^^^^^^^^^^^^^^^^^^^^^^^^^^^^^ help: use the new name: `broken_intra_doc_links`
[INFO] [stdout]   |
[INFO] [stdout]   = note: `#[warn(renamed_and_removed_lints)]` on by default
[INFO] [stdout] 
[INFO] [stdout] 
[INFO] [stdout] error[E0432]: unresolved import `tokio_tls`
[INFO] [stdout]   --> tests/google.rs:11:5
[INFO] [stdout]    |
[INFO] [stdout] 11 | use tokio_tls;
[INFO] [stdout]    |     ^^^^^^^^^ no `tokio_tls` external crate
[INFO] [stdout] 
[INFO] [stdout] 
[INFO] [stdout] error[E0432]: unresolved import `tokio_tls`
[INFO] [stdout]  --> tests/bad.rs:9:5
[INFO] [stdout]   |
[INFO] [stdout] 9 | use tokio_tls;
[INFO] [stdout]   |     ^^^^^^^^^ no `tokio_tls` external crate
[INFO] [stdout] 
[INFO] [stdout] 
[INFO] [stdout] error[E0432]: unresolved import `tokio_tls`
[INFO] [stdout]   --> tests/smoke.rs:15:5
[INFO] [stdout]    |
[INFO] [stdout] 15 | use tokio_tls;
[INFO] [stdout]    |     ^^^^^^^^^ no `tokio_tls` external crate
[INFO] [stdout] 
[INFO] [stdout] 
[INFO] [stdout] warning: 1 warning emitted
[INFO] [stdout] 
[INFO] [stdout] 
[INFO] [stdout] warning: unused import: `AsyncReadExt`
[INFO] [stdout]  --> tests/google.rs:9:17
[INFO] [stdout]   |
[INFO] [stdout] 9 | use tokio::io::{AsyncReadExt, AsyncWriteExt};
[INFO] [stdout]   |                 ^^^^^^^^^^^^
[INFO] [stdout]   |
[INFO] [stdout]   = note: `#[warn(unused_imports)]` on by default
[INFO] [stdout] 
[INFO] [stdout] 
[INFO] [stdout] warning: unused import: `AsyncWriteExt`
[INFO] [stdout]  --> tests/google.rs:9:31
[INFO] [stdout]   |
[INFO] [stdout] 9 | use tokio::io::{AsyncReadExt, AsyncWriteExt};
[INFO] [stdout]   |                               ^^^^^^^^^^^^^
[INFO] [stdout] 
[INFO] [stdout] 
[INFO] [stdout] error: aborting due to previous error; 2 warnings emitted
[INFO] [stdout] 
[INFO] [stdout] 
[INFO] [stdout] For more information about this error, try `rustc --explain E0432`.
[INFO] [stdout] 
[INFO] [stderr] error: could not compile `trezm-temp-tokio-tls`.
[INFO] [stderr] 
[INFO] [stderr] To learn more, run the command again with --verbose.
[INFO] [stderr] warning: build failed, waiting for other jobs to finish...
[INFO] [stdout] error: aborting due to previous error
[INFO] [stdout] 
[INFO] [stdout] 
[INFO] [stdout] For more information about this error, try `rustc --explain E0432`.
[INFO] [stdout] 
[INFO] [stdout] error[E0698]: type inside `async` block must be known in this context
[INFO] [stdout]    --> tests/smoke.rs:613:13
[INFO] [stdout]     |
[INFO] [stdout] 613 |         let mut data = Vec::new();
[INFO] [stdout]     |             ^^^^^^^^ cannot infer type for type `{integer}`
[INFO] [stdout]     |
[INFO] [stdout] note: the type is part of the `async` block because of this `await`
[INFO] [stdout]    --> tests/smoke.rs:616:19
[INFO] [stdout]     |
[INFO] [stdout] 616 |             match socket.read_exact(&mut buf).await {
[INFO] [stdout]     |                   ^^^^^^^^^^^^^^^^^^^^^^^^^^^^^^^^^
[INFO] [stdout] 
[INFO] [stdout] 
[INFO] [stdout] error[E0698]: type inside `async` block must be known in this context
[INFO] [stdout]    --> tests/smoke.rs:615:17
[INFO] [stdout]     |
[INFO] [stdout] 615 |             let mut buf = [0; 1];
[INFO] [stdout]     |                 ^^^^^^^ cannot infer type for type `{integer}`
[INFO] [stdout]     |
[INFO] [stdout] note: the type is part of the `async` block because of this `await`
[INFO] [stdout]    --> tests/smoke.rs:616:19
[INFO] [stdout]     |
[INFO] [stdout] 616 |             match socket.read_exact(&mut buf).await {
[INFO] [stdout]     |                   ^^^^^^^^^^^^^^^^^^^^^^^^^^^^^^^^^
[INFO] [stdout] 
[INFO] [stdout] 
[INFO] [stdout] error[E0698]: type inside `async` block must be known in this context
[INFO] [stdout]    --> tests/smoke.rs:616:42
[INFO] [stdout]     |
[INFO] [stdout] 616 |             match socket.read_exact(&mut buf).await {
[INFO] [stdout]     |                                          ^^^ cannot infer type for type `{integer}`
[INFO] [stdout]     |
[INFO] [stdout] note: the type is part of the `async` block because of this `await`
[INFO] [stdout]    --> tests/smoke.rs:616:19
[INFO] [stdout]     |
[INFO] [stdout] 616 |             match socket.read_exact(&mut buf).await {
[INFO] [stdout]     |                   ^^^^^^^^^^^^^^^^^^^^^^^^^^^^^^^^^
[INFO] [stdout] 
[INFO] [stdout] 
[INFO] [stdout] error[E0698]: type inside `async` block must be known in this context
[INFO] [stdout]    --> tests/smoke.rs:616:37
[INFO] [stdout]     |
[INFO] [stdout] 616 |             match socket.read_exact(&mut buf).await {
[INFO] [stdout]     |                                     ^^^^^^^^ cannot infer type for type `{integer}`
[INFO] [stdout]     |
[INFO] [stdout] note: the type is part of the `async` block because of this `await`
[INFO] [stdout]    --> tests/smoke.rs:616:19
[INFO] [stdout]     |
[INFO] [stdout] 616 |             match socket.read_exact(&mut buf).await {
[INFO] [stdout]     |                   ^^^^^^^^^^^^^^^^^^^^^^^^^^^^^^^^^
[INFO] [stdout] 
[INFO] [stdout] 
[INFO] [stdout] error[E0698]: type inside `async` block must be known in this context
[INFO] [stdout]    --> tests/smoke.rs:610:9
[INFO] [stdout]     |
[INFO] [stdout] 610 |     let client = async move {
[INFO] [stdout]     |         ^^^^^^ cannot infer type for type `{integer}`
[INFO] [stdout]     |
[INFO] [stdout] note: the type is part of the `async` block because of this `await`
[INFO] [stdout]    --> tests/smoke.rs:625:23
[INFO] [stdout]     |
[INFO] [stdout] 625 |     let (amt, data) = join!(server, client);
[INFO] [stdout]     |                       ^^^^^^^^^^^^^^^^^^^^^
[INFO] [stdout]     = note: this error originates in a macro (in Nightly builds, run with -Z macro-backtrace for more info)
[INFO] [stdout] 
[INFO] [stdout] 
[INFO] [stdout] error[E0698]: type inside `async` block must be known in this context
[INFO] [stdout]    --> tests/smoke.rs:625:23
[INFO] [stdout]     |
[INFO] [stdout] 625 |     let (amt, data) = join!(server, client);
[INFO] [stdout]     |                       ^^^^^^^^^^^^^^^^^^^^^ cannot infer type for type `{integer}`
[INFO] [stdout]     |
[INFO] [stdout] note: the type is part of the `async` block because of this `await`
[INFO] [stdout]    --> tests/smoke.rs:625:23
[INFO] [stdout]     |
[INFO] [stdout] 625 |     let (amt, data) = join!(server, client);
[INFO] [stdout]     |                       ^^^^^^^^^^^^^^^^^^^^^
[INFO] [stdout]     = note: this error originates in a macro (in Nightly builds, run with -Z macro-backtrace for more info)
[INFO] [stdout] 
[INFO] [stdout] 
[INFO] [stdout] error[E0698]: type inside `async` block must be known in this context
[INFO] [stdout]    --> tests/smoke.rs:625:23
[INFO] [stdout]     |
[INFO] [stdout] 625 |     let (amt, data) = join!(server, client);
[INFO] [stdout]     |                       ^^^^^^^^^^^^^^^^^^^^^ cannot infer type for type `{integer}`
[INFO] [stdout]     |
[INFO] [stdout] note: the type is part of the `async` block because of this `await`
[INFO] [stdout]    --> tests/smoke.rs:625:23
[INFO] [stdout]     |
[INFO] [stdout] 625 |     let (amt, data) = join!(server, client);
[INFO] [stdout]     |                       ^^^^^^^^^^^^^^^^^^^^^
[INFO] [stdout]     = note: this error originates in a macro (in Nightly builds, run with -Z macro-backtrace for more info)
[INFO] [stdout] 
[INFO] [stdout] 
[INFO] [stdout] error[E0698]: type inside `async` block must be known in this context
[INFO] [stdout]    --> tests/smoke.rs:625:23
[INFO] [stdout]     |
[INFO] [stdout] 625 |     let (amt, data) = join!(server, client);
[INFO] [stdout]     |                       ^^^^^^^^^^^^^^^^^^^^^ cannot infer type for type `{integer}`
[INFO] [stdout]     |
[INFO] [stdout] note: the type is part of the `async` block because of this `await`
[INFO] [stdout]    --> tests/smoke.rs:625:23
[INFO] [stdout]     |
[INFO] [stdout] 625 |     let (amt, data) = join!(server, client);
[INFO] [stdout]     |                       ^^^^^^^^^^^^^^^^^^^^^
[INFO] [stdout]     = note: this error originates in a macro (in Nightly builds, run with -Z macro-backtrace for more info)
[INFO] [stdout] 
[INFO] [stdout] 
[INFO] [stdout] warning: unused import: `AsyncReadExt`
[INFO] [stdout]   --> tests/smoke.rs:13:17
[INFO] [stdout]    |
[INFO] [stdout] 13 | use tokio::io::{AsyncReadExt, AsyncWrite, AsyncWriteExt, Error, ErrorKind};
[INFO] [stdout]    |                 ^^^^^^^^^^^^
[INFO] [stdout]    |
[INFO] [stdout]    = note: `#[warn(unused_imports)]` on by default
[INFO] [stdout] 
[INFO] [stdout] 
[INFO] [stdout] error: aborting due to 9 previous errors; 1 warning emitted
[INFO] [stdout] 
[INFO] [stdout] 
[INFO] [stdout] Some errors have detailed explanations: E0432, E0698.
[INFO] [stdout] 
[INFO] [stdout] For more information about an error, try `rustc --explain E0432`.
[INFO] [stdout] 
[INFO] [stderr] error: build failed
[INFO] running `Command { std: "docker" "inspect" "feafeb9594196b5468b67e8888b7132f1432d10684df0f93eaeb6dbe44ec9723", kill_on_drop: false }`
[INFO] running `Command { std: "docker" "rm" "-f" "feafeb9594196b5468b67e8888b7132f1432d10684df0f93eaeb6dbe44ec9723", kill_on_drop: false }`
[INFO] [stdout] feafeb9594196b5468b67e8888b7132f1432d10684df0f93eaeb6dbe44ec9723
